st the prime factors of 2500716.
2, 3, 208393
List the prime factors of 991929.
3, 330643
List the prime factors of 2608541.
13, 200657
List the prime factors of 8327567.
19, 401, 1093
What are the prime factors of 2156428?
2, 539107
List the prime factors of 37213.
11, 17, 199
List the prime factors of 9272404.
2, 23, 100787
List the prime factors of 486175.
5, 19447
What are the prime factors of 279620?
2, 5, 11, 31, 41
List the prime factors of 2518735.
5, 19, 26513
What are the prime factors of 262888?
2, 17, 1933
List the prime factors of 29005.
5, 5801
What are the prime factors of 131759?
131759
What are the prime factors of 12056485?
5, 7, 17, 23, 881
List the prime factors of 397594.
2, 19, 10463
What are the prime factors of 474854?
2, 233, 1019
What are the prime factors of 1318115?
5, 47, 71, 79
List the prime factors of 1200195.
3, 5, 149, 179
What are the prime factors of 595347?
3, 191, 1039
What are the prime factors of 5651615?
5, 881, 1283
What are the prime factors of 752522?
2, 17, 22133
List the prime factors of 2065539.
3, 7, 41, 2399
What are the prime factors of 10018264?
2, 1252283
What are the prime factors of 186325?
5, 29, 257
What are the prime factors of 3442558?
2, 7, 245897
List the prime factors of 373390.
2, 5, 37339
What are the prime factors of 180295?
5, 107, 337
List the prime factors of 312649.
29, 10781
What are the prime factors of 2071601?
7, 295943
List the prime factors of 60174.
2, 3, 3343
What are the prime factors of 550278?
2, 3, 19, 1609
What are the prime factors of 15254019?
3, 11, 154081
What are the prime factors of 198857?
47, 4231
List the prime factors of 589698.
2, 3, 181
What are the prime factors of 1288267?
29, 31, 1433
List the prime factors of 17930428.
2, 293, 15299
What are the prime factors of 1341338?
2, 670669
List the prime factors of 5218477.
11, 139, 3413
What are the prime factors of 31011?
3, 10337
List the prime factors of 41678355.
3, 5, 67, 113, 367
List the prime factors of 7329999.
3, 97, 25189
What are the prime factors of 1510365?
3, 5, 17, 5923
What are the prime factors of 694261?
694261
List the prime factors of 28124581.
28124581
List the prime factors of 1869796.
2, 17, 31, 887
What are the prime factors of 95740?
2, 5, 4787
List the prime factors of 1040718.
2, 3, 7, 71, 349
What are the prime factors of 306286?
2, 37, 4139
List the prime factors of 1497068.
2, 131, 2857
List the prime factors of 250594.
2, 107, 1171
List the prime factors of 1078563.
3, 263, 1367
List the prime factors of 6270612.
2, 3, 29, 37, 487
List the prime factors of 8428319.
8428319
List the prime factors of 991799.
61, 71, 229
List the prime factors of 2243850.
2, 3, 5, 7, 2137
List the prime factors of 216774.
2, 3, 12043
List the prime factors of 2334254.
2, 13, 89779
What are the prime factors of 5894698?
2, 43, 68543
List the prime factors of 1791458.
2, 895729
What are the prime factors of 7442649?
3, 227, 3643
List the prime factors of 102512.
2, 43, 149
What are the prime factors of 467845?
5, 7, 13367
What are the prime factors of 227002?
2, 113501
List the prime factors of 15166959.
3, 19, 23, 503
List the prime factors of 223120.
2, 5, 2789
List the prime factors of 740004.
2, 3, 61667
What are the prime factors of 2883072?
2, 3, 1877
What are the prime factors of 8041219?
8041219
List the prime factors of 24785332.
2, 11, 13, 43331
What are the prime factors of 1515549?
3, 7, 72169
What are the prime factors of 9933021?
3, 7, 157667
List the prime factors of 117883.
117883
List the prime factors of 1231796.
2, 101, 3049
List the prime factors of 466721.
101, 4621
What are the prime factors of 238285?
5, 47657
What are the prime factors of 217923?
3, 17, 4273
List the prime factors of 7913217.
3, 13, 331, 613
List the prime factors of 5702310.
2, 3, 5, 17, 3727
List the prime factors of 499246.
2, 11, 2063
List the prime factors of 437465.
5, 7, 29, 431
List the prime factors of 38949.
3, 12983
What are the prime factors of 22189514?
2, 181, 61297
List the prime factors of 1026906.
2, 3, 31, 5521
What are the prime factors of 38234?
2, 7, 2731
List the prime factors of 161673.
3, 53891
List the prime factors of 772057.
11, 13, 5399
What are the prime factors of 1011128?
2, 97, 1303
What are the prime factors of 557995?
5, 111599
List the prime factors of 179499.
3, 59833
List the prime factors of 5822075.
5, 7, 17, 19, 103
List the prime factors of 4989342.
2, 3, 151, 5507
List the prime factors of 3845441.
3845441
List the prime factors of 12789821.
11, 105701
List the prime factors of 155129.
13, 11933
List the prime factors of 99158.
2, 43, 1153
List the prime factors of 2612998.
2, 1306499
List the prime factors of 4836261.
3, 67, 24061
What are the prime factors of 819406?
2, 7, 107, 547
What are the prime factors of 518153?
518153
What are the prime factors of 1723929?
3, 574643
What are the prime factors of 13703811?
3, 11, 107, 3881
List the prime factors of 25907853.
3, 8635951
List the prime factors of 573664.
2, 7, 13, 197
List the prime factors of 5501741.
7, 785963
List the prime factors of 223301.
13, 89, 193
List the prime factors of 1910285.
5, 13, 29389
What are the prime factors of 19879?
103, 193
List the prime factors of 3155709.
3, 1051903
What are the prime factors of 5136604?
2, 11, 116741
What are the prime factors of 22389129?
3, 7, 5641
List the prime factors of 153234.
2, 3, 8513
What are the prime factors of 14505494?
2, 193, 37579
What are the prime factors of 16866?
2, 3, 937
What are the prime factors of 384277?
384277
List the prime factors of 3651264.
2, 3, 2113
What are the prime factors of 438236?
2, 89, 1231
List the prime factors of 17959.
17959
What are the prime factors of 8119438?
2, 17, 47, 5081
What are the prime factors of 24683515?
5, 4936703
List the prime factors of 22169142.
2, 3, 37, 33287
What are the prime factors of 572493?
3, 23, 8297
List the prime factors of 3859909.
1613, 2393
List the prime factors of 35435946.
2, 3, 7, 13, 64901
What are the prime factors of 672976?
2, 42061
What are the prime factors of 1005978?
2, 3, 167663
What are the prime factors of 6243709?
17, 367277
List the prime factors of 16015953.
3, 41, 130211
What are the prime factors of 6287182?
2, 11, 285781
What are the prime factors of 1170337?
7, 167191
What are the prime factors of 700087?
700087
List the prime factors of 910014.
2, 3, 7, 47, 461
What are the prime factors of 670745?
5, 163, 823
List the prime factors of 43912.
2, 11, 499
What are the prime factors of 238390?
2, 5, 31, 769
List the prime factors of 170614.
2, 23, 3709
List the prime factors of 269019.
3, 71, 421
What are the prime factors of 220143?
3, 7, 11, 953
List the prime factors of 904382.
2, 452191
List the prime factors of 50539.
50539
List the prime factors of 9954449.
9954449
What are the prime factors of 88781?
7, 11, 1153
List the prime factors of 202493.
202493
What are the prime factors of 1028112?
2, 3, 21419
What are the prime factors of 318330?
2, 3, 5, 131
What are the prime factors of 1153230?
2, 3, 5, 13, 2957
List the prime factors of 4677909.
3, 1559303
List the prime factors of 37076818.
2, 227, 81667
List the prime factors of 1288751.
19, 67829
What are the prime factors of 225125?
5, 1801
List the prime factors of 498537.
3, 13, 4261
What are the prime factors of 314978?
2, 157489
List the prime factors of 39073263.
3, 1741, 7481
What are the prime factors of 1678176?
2, 3, 5827
List the prime factors of 688278.
2, 3, 114713
What are the prime factors of 432354?
2, 3, 13, 23, 241
What are the prime factors of 442001?
7, 233, 271
List the prime factors of 7235619.
3, 409, 5897
List the prime factors of 789137.
789137
What are the prime factors of 1588239?
3, 109, 1619
List the prime factors of 1450846.
2, 725423
List the prime factors of 12529655.
5, 1229, 2039
What are the prime factors of 4538511?
3, 19, 983
What are the prime factors of 227848?
2, 19, 1499
List the prime factors of 813685.
5, 109, 1493
What are the prime factors of 733056?
2, 3, 23, 83
What are the prime factors of 4428061?
11, 402551
List the prime factors of 91410.
2, 3, 5, 11, 277
What are the prime factors of 219845?
5, 43969
What are the prime factors of 150888?
2, 3, 6287
Li